{"id":927,"date":"2024-07-06T16:50:38","date_gmt":"2024-07-06T14:50:38","guid":{"rendered":"https:\/\/compagnie-aller-vers.com\/?page_id=927"},"modified":"2024-07-06T16:52:23","modified_gmt":"2024-07-06T14:52:23","slug":"adrien-nuguet","status":"publish","type":"page","link":"https:\/\/compagnie-aller-vers.com\/?page_id=927","title":{"rendered":"Adrien Nuguet"},"content":{"rendered":"\n<div class=\"wp-block-media-text alignwide is-stacked-on-mobile\" style=\"grid-template-columns:38% auto\"><figure class=\"wp-block-media-text__media\"><img loading=\"lazy\" width=\"681\" height=\"1024\" src=\"https:\/\/compagnie-aller-vers.com\/wp-content\/uploads\/2024\/07\/AdrienNuguet-681x1024.jpg\" alt=\"\" class=\"wp-image-928 size-full\" srcset=\"https:\/\/compagnie-aller-vers.com\/wp-content\/uploads\/2024\/07\/AdrienNuguet-681x1024.jpg 681w, https:\/\/compagnie-aller-vers.com\/wp-content\/uploads\/2024\/07\/AdrienNuguet-200x300.jpg 200w, https:\/\/compagnie-aller-vers.com\/wp-content\/uploads\/2024\/07\/AdrienNuguet-768x1154.jpg 768w, https:\/\/compagnie-aller-vers.com\/wp-content\/uploads\/2024\/07\/AdrienNuguet.jpg 777w\" sizes=\"(max-width: 681px) 100vw, 681px\" \/><\/figure><div class=\"wp-block-media-text__content\">\n<p class=\"is-style-default has-medium-font-size\">\u00ab Apr\u00e8s des \u00e9tudes en Anthropologie, je<br>choisis une vie nomade port\u00e9e sur la rencontre,<br>l&rsquo;\u00e9criture et le spectacle vivant : musique,<br>th\u00e9\u00e2tre de rue, cirque, danse, improvisation\u2026<br>La po\u00e9sie et le dessin m&rsquo;accompagnent<br>toujours.<br>Comme des braises au bout de grands b\u00e2tons,<br>elles tracent des lignes \u00e0 suivre pour affirmer<br>des gestes dans le mouvementement du monde.<br>J&rsquo;offre aujourd&rsquo;hui mes outils au service de<br>festivals et de cr\u00e9ations qui soul\u00e8vent le r\u00e9el<br>pour y faire des nids &#8211; corps voix images &#8211; et<br>des espaces habitables.\u00bb<\/p>\n<\/div><\/div>\n\n\n\n<div class=\"wp-block-image\"><figure class=\"alignleft size-large\"><img loading=\"lazy\" width=\"1024\" height=\"608\" src=\"https:\/\/compagnie-aller-vers.com\/wp-content\/uploads\/2024\/07\/ReveSommeilReveil-1024x608.jpg\" alt=\"\" class=\"wp-image-929\" srcset=\"https:\/\/compagnie-aller-vers.com\/wp-content\/uploads\/2024\/07\/ReveSommeilReveil-1024x608.jpg 1024w, https:\/\/compagnie-aller-vers.com\/wp-content\/uploads\/2024\/07\/ReveSommeilReveil-300x178.jpg 300w, https:\/\/compagnie-aller-vers.com\/wp-content\/uploads\/2024\/07\/ReveSommeilReveil-768x456.jpg 768w, https:\/\/compagnie-aller-vers.com\/wp-content\/uploads\/2024\/07\/ReveSommeilReveil.jpg 1472w\" sizes=\"(max-width: 1024px) 100vw, 1024px\" \/><\/figure><\/div>\n","protected":false},"excerpt":{"rendered":"<p>\u00ab Apr\u00e8s des \u00e9tudes en Anthropologie, jechoisis une vie nomade port\u00e9e sur la rencontre,l&rsquo;\u00e9criture et le spectacle vivant : musique,th\u00e9\u00e2tre de rue,<\/p>\n<p class=\"link-more\"><a class=\"myButt \" href=\"https:\/\/compagnie-aller-vers.com\/?page_id=927\">Lire plus &#8230;<\/a><\/p>\n","protected":false},"author":1,"featured_media":0,"parent":0,"menu_order":0,"comment_status":"closed","ping_status":"closed","template":"","meta":[],"_links":{"self":[{"href":"https:\/\/compagnie-aller-vers.com\/index.php?rest_route=\/wp\/v2\/pages\/927"}],"collection":[{"href":"https:\/\/compagnie-aller-vers.com\/index.php?rest_route=\/wp\/v2\/pages"}],"about":[{"href":"https:\/\/compagnie-aller-vers.com\/index.php?rest_route=\/wp\/v2\/types\/page"}],"author":[{"embeddable":true,"href":"https:\/\/compagnie-aller-vers.com\/index.php?rest_route=\/wp\/v2\/users\/1"}],"replies":[{"embeddable":true,"href":"https:\/\/compagnie-aller-vers.com\/index.php?rest_route=%2Fwp%2Fv2%2Fcomments&post=927"}],"version-history":[{"count":3,"href":"https:\/\/compagnie-aller-vers.com\/index.php?rest_route=\/wp\/v2\/pages\/927\/revisions"}],"predecessor-version":[{"id":932,"href":"https:\/\/compagnie-aller-vers.com\/index.php?rest_route=\/wp\/v2\/pages\/927\/revisions\/932"}],"wp:attachment":[{"href":"https:\/\/compagnie-aller-vers.com\/index.php?rest_route=%2Fwp%2Fv2%2Fmedia&parent=927"}],"curies":[{"name":"wp","href":"https:\/\/api.w.org\/{rel}","templated":true}]}}